s of 152/c - (-2)/4?
2, 5
Let z(s) = -30*s + 1. Let v(p) = -29*p + 2. Let g(k) = 6*v(k) - 5*z(k). What are the prime factors of g(-4)?
103
Let q = 16 + -12. Suppose -q*o + 257 = -387. What are the prime factors of o?
7, 23
Let o be (-4)/22 + (1 - 167/(-11)). List the prime factors of (-65)/30*o*-3.
2, 13
Let u = -3185 + 4531. What are the prime factors of u?
2, 673
Let x be 6 + -2 - (64 + -3). Let p = x + 110. List the prime factors of p.
53
Suppose d - 4*v + 13 = 34, 5*d + v = 0. List the prime factors of d/(0 + -1) + 110.
109
Let d(f) = -f**2 - 4*f - 1. Let y be d(-5). Let b be (-2)/y - (-219)/(-9). Let t = b + 42. What are the prime factors of t?
2, 3
Suppose c - 14 = g, 5*c - 37 = -5*g + 33. Let s(n) be the second derivative of n**5/20 - 7*n**4/6 + n**3/3 - 7*n**2 + n - 45. List the prime factors of s(c).
2, 7
Let i = 268 - -1421. What are the prime factors of i?
3, 563
Suppose -7*a = 3 + 11. What are the prime factors of -4 - a*7 - -3?
13
Let g be (-12)/3 - -1*15. Suppose -3*i + 1 + g = 0. Suppose 3*v - 15 = 0, -66 = -2*a - i*v + 50. What are the prime factors of a?
2, 3
Let m(r) = -10*r**2 + 4 - 112*r**3 - 15 + 111*r**3 + 10*r. Let n be m(-11). Suppose 0 = i, -2*v + n*i + 38 = i. What are the prime factors of v?
19
Let w = 3261 + -2125. What are the prime factors of w?
2, 71
Let k(d) = d**2 + 2*d + 14. Let s be k(0). Suppose 0 = -2*y + y - s. Let a = y + 29. List the prime factors of a.
3, 5
Let i = -111 + 508. List the prime factors of i.
397
Let k(j) = -j**3 + 10*j**2 - 8*j - 2. Let a be k(9). Suppose -a*q + 4*q = -5*c - 595, -c = -1. List the prime factors of q.
2, 5
Let b(i) = -i + 3. Let g be b(-8). Suppose 0 = 2*w + g - 41. What are the prime factors of w?
3, 5
Let f(h) = 21 - 10*h + h**2 - 14 - 13. Let q be f(10). List the prime factors of (-72)/(-15)*(-30)/q.
2, 3
Suppose 85660 = -127*u + 147*u. What are the prime factors of u?
4283
Let c = 105 + -151. Let k = 186 - c. List the prime factors of k.
2, 29
Suppose d + 8 - 8 = 0. Let z(c) = 4*c**2 + c - 54. Let v(f) = 5*f**2 + f - 55. Let k(q) = 5*v(q) - 6*z(q). List the prime factors of k(d).
7
Let x(f) = -15*f - 13*f + 17*f + 8. What are the prime factors of x(-6)?
2, 37
Let q be 16/88 + (-4)/22. Suppose 4*x = -q*x + 44. Suppose -4*a + 123 = x. List the prime factors of a.
2, 7
List the prime factors of -4761*(-7)/63*6.
2, 3, 23
Let x = 2119 - -755. List the prime factors of x.
2, 3, 479
Let w = 919 - 384. List the prime factors of w.
5, 107
Let m = 14 + -11. Let p be -2*m/(-6)*3. Suppose -4*t = -g + 29, -p*g + 103 = g - 3*t. List the prime factors of g.
5
Let s be (-3)/6*-2*5. Suppose s*p + 20 = -0*p. List the prime factors of (-4)/(-10)*(-530)/p.
53
What are the prime factors of 76/((-6)/408*-8)?
2, 17, 19
Let b be ((-6)/32*-4)/(1/(-4)). What are the prime factors of b - -142*1/2?
2, 17
Let g(h) = -4*h + 3. Let b(y) = y**3 + 5*y**2 + 5*y + 6. Let t be b(-4). Suppose 0*j - t*j = 8. List the prime factors of g(j).
19
Let q = 4490 - 1590. What are the prime factors of q?
2, 5, 29
Suppose -4*b - 19 = 29. What are the prime factors of (7 - 2)*-29*b/30?
2, 29
Suppose 18*s - 6086 = -4*v + 16*s, 3058 = 2*v - 2*s. What are the prime factors of v?
2, 3, 127
Suppose -5*y = -16 + 61. Let o be (-2)/(0 - 2) + y. What are the prime factors of ((-4)/3)/(o/156)?
2, 13
Let f be 7/(-2) - -4 - (-17)/(-2). What are the prime factors of ((4 + 0)/f)/(1/(-180))?
2, 3, 5
Let j(i) = 2165*i**2. Let z be j(1). Let k be 4/6 - z/(-15). Suppose -5*y = -0*y - k. List the prime factors of y.
29
Let b(c) = 526*c**3 - 2*c**2 - 3*c + 4. List the prime factors of b(1).
3, 5, 7
Suppose b + 2*b = -15, 0 = u - 2*b + 35. Let c = 74 + u. List the prime factors of c.
29
List the prime factors of ((6 + -1)*-11)/(2/(-16)).
2, 5, 11
Suppose -4*v = 70 - 202. Let q = 122 - v. List the prime factors of q.
89
Suppose 16*p - 9235 = -531. What are the prime factors of p?
2, 17
Suppose 2*n + 3*n - 14 = 2*p, -5*n = -20. List the prime factors of (27/5)/(p/10).
2, 3
Suppose -4 = -12*k + 10*k. Let p(r) = 6*r - r - 3 + 5*r + k*r**2. What are the prime factors of p(-8)?
3, 5
Let a(q) = -14*q + 3. Let c be ((-19)/4 + 6/(-24))/1. What are the prime factors of a(c)?
73
Suppose 2208 = 4*p + 5*c, -2*c = p - 319 - 233. List the prime factors of p.
2, 3, 23
Let t(l) = 398*l + 10. What are the prime factors of t(1)?
2, 3, 17
Let n(m) = -m + 0*m + 12 + 0*m + 5. List the prime factors of n(-10).
3
Let v(l) = l**3 + 7*l**2 - 16*l + 25. What are the prime factors of v(6)?
397
List the prime factors of (120/50 + -6)/(3/(-530)).
2, 3, 53
Let q(h) = 12*h**2 - 3*h - 64. What are the prime factors of q(13)?
5, 7, 11
Let l(r) = -2*r**2 + 4*r. Let v be l(3). Let z(i) = -i**3 - 5*i**2 + i + 3. List the prime factors of z(v).
3, 11
Let z be (-3)/(-5)*3/(6/40). Suppose z*t = 7*t + 750. What are the prime factors of t?
2, 3, 5
List the prime factors of (-4 - -4) + (6 - -71).
7, 11
Suppose 0 = -4*c + 4, 5*n - 3*c - 1549 = -2*c. List the prime factors of n.
2, 5, 31
Let t = 14 - 11. Suppose -t*i - 28 = 5*p, 2*p - 2*i = -3*p - 48. Let q(u) = -3*u + 2. What are the prime factors of q(p)?
2, 13
Let y(i) = -3*i**2 + 11 - 12*i**3 + 2*i**2 - 8. List the prime factors of y(-2).
5, 19
Let f = -56 + 50. Let c(u) = -33*u - 12. What are the prime factors of c(f)?
2, 3, 31
Suppose -a + 384 = -417. List the prime factors of a.
3, 89
Let k = 532 - 524. What are the prime factors of k?
2
Let n = 14 - 12. Suppose t = k + 338, 4*k - n*k - 2 = 0. List the prime factors of t.
3, 113
Let u = 831 - 535. What are the prime factors of u?
2, 37
Let p = 23 - 15. Let v be (-2)/(-8) + (-2)/p. Suppose v*d + 5*q - 32 = -d, 4*d + 3*q = 43. List the prime factors of d.
7
Let p(i) = -i + 2. Let s be p(4). What are the prime factors of 43 + (-1 - -2) - s?
2, 23
Suppose 7695 = 14*g + 2613. What are the prime factors of g?
3, 11
Let g(x) be the third derivative of -x**4/24 + 5*x**3/2 + 8*x**2. Let a be g(8). Suppose a*d - 2*d - 10 = 0. What are the prime factors of d?
2
Suppose 0*f + 2*c = -4*f - 14, 5*f - 5*c = -25. Let d = f + -1. Let m(o) = -4*o - 6. What are the prime factors of m(d)?
2, 7
Let g(w) = 2*w**2 - 22*w + 11. Let r be g(10). Let d(u) = u**2 + 4*u - 18. List the prime factors of d(r).
3
Suppose -8*b = -0*b - 1384. Suppose 4*j - 5*j + b = 0. List the prime factors of j.
173
Let y = 1299 - 723. What are the prime factors of y?
2, 3
Suppose x - 150 = -5*m - 2*x, -5*x = 0. Suppose v - 3*v + 10 = 0, 0 = 5*o + v - m. What are the prime factors of o?
5
Suppose 0 = -3*z - 32*j + 36*j + 756, 3*j + 504 = 2*z. List the prime factors of z.
2, 3, 7
Let n = 1159 + 1011. List the prime factors of n.
2, 5, 7, 31
Let l = -5 - -124. What are the prime factors of l?
7, 17
Suppose 0 = -5*l - 3*v + 4*v, -3*l - 3*v = 0. Let c be l + 4/1 + -1. Suppose -c*f = -16 - 8. List the prime factors of f.
2
Let f = -36 + -12. Let b be (f/20)/((-4)/10). What are the prime factors of (-2)/b*-9*1?
3
Suppose -10*r + 46375 = 15*r. List the prime factors of r.
5, 7, 53
Suppose -230 = 5*t - 4*m, -140 = 3*t + m - 3*m. Let x = t - -71. List the prime factors of x.
3, 7
Let v = 21 - 19. Let w be -11 + 14 - (-4)/v. Suppose f + w*b = 14, 0 = 5*f + 3*b + b - 28. List the prime factors of f.
2
Let i = -88 + 85. What are the prime factors of (-4 - 674)/i - 3?
223
List the prime factors of 75/21 + -4 - 8608/(-28).
307
Let d(z) = z**3 - 4*z + 2 - 2*z**3 - 2*z**2 - 13. What are the prime factors of d(-5)?
2, 3, 7
Let p = 28 - 23. Suppose -3*d = -p*d + 6. Suppose -3*i = d*k - 5 - 91, -128 = -4*i - k. What are the prime factors of i?
2
Suppose -1475 = 34*b - 38875. List the prime factors of b.
2, 5, 11
Suppose -2*t + 13*t - 23991 = 0. What are the prime factors of t/15 - (-9)/15?
2, 73
Let u be 1 - (-5 + 3 - -74). Let y = u - -126. What are the prime factors of y?
5, 11
Let z(j) = -j + 246. Let s be z(0). Suppose -k = 2*b + 42, -5*k + b = -b + s. Let l = k + 70. List the prime factors of l.
2, 11
Let k(x) be the first derivative of x**7/210 - x**4/24 + 4*x**3/3 - 1. Let a(c) be the third derivative of k(c). What are the prime factors of a(1)?
3
What are the prime factors of 68 - (-1 - (0 - (-4 - -4)))?
3, 23
Let d(v) = 41*v - 578. What are the prime factors of d(29)?
13, 47
Let p = -8 - -5. Let b be 2/(9/p - -4). Suppose 0*d = 3